 is divided by g?
2
Let n be (-33)/(-12) - (-3)/12. Suppose n*q - 93 = -36. Calculate the remainder when 4/2*74/4 is divided by q.
18
Suppose -4*k + k = 0. Suppose k*q - q = -17. What is the remainder when q is divided by (-1)/(0 + (-1)/9)?
8
Let a be (2 - 1)*3*3. Suppose 2*g - 5*z + a = -0*z, g + 3*z = 12. Suppose 0 = 3*f - 0*f - 21. Calculate the remainder when f is divided by g.
1
Suppose -t + 5*o = -24, 0*t + 4*t = -4*o. Suppose t*p + 5*k - 53 = 0, 2*p - 5*k + 22 = 71. Calculate the remainder when p is divided by (-2)/2*(-54 + 48).
5
Calculate the remainder when 35 is divided by 2 + 1 + -5 + 14.
11
Suppose -25 = -9*c + 4*c. Let b(y) = -y**2 + 1. Let t(g) = -5*g**2 + 3*g + 4. Let n(h) = 4*b(h) - t(h). Calculate the remainder when 29 is divided by n(c).
9
What is the remainder when ((-70)/5)/((-2)/4) is divided by 12?
4
Suppose -5*r + 75 = -225. Suppose 3*v + 3*a + a - 38 = 0, 4*v + 3*a = r. Let s = 103 - 93. What is the remainder when v is divided by s?
8
Let g = 10 - 10. Suppose g = -4*h + 17 + 11. What is the remainder when 19 is divided by h?
5
Let k(p) = p**2 - p - 1. What is the remainder when 30 is divided by k(-3)?
8
Suppose 3*q + 6 = 5*z, 2*q - 3 = -3*q + 4*z. Suppose -4*t - 3*r - 3 - 2 = 0, -6 = 3*t + q*r. What is the remainder when 1 is divided by t?
0
Let r(y) be the third derivative of y**5/30 + 7*y**4/24 - y**3/6 - 2*y**2. What is the remainder when 25 is divided by r(-5)?
11
Let o = -5 + 8. Calculate the remainder when (-3)/1*8/(-3) is divided by o.
2
Let z be (2 - 0)/(-2) - -3. Suppose 16 = -z*b + 3*b. Suppose 4*t + 4*q = 104, 0 = -4*t + 6*q - 2*q + 136. What is the remainder when t is divided by b?
14
Let d = 2 - 6. What is the remainder when (-615)/(-27) + d/(-18) is divided by 13?
10
Suppose 0 = 4*u - 0*u + 16. Let b(p) = -p**3 - 4*p**2 - 4*p + 3. Calculate the remainder when b(u) is divided by 11.
8
Let x = -14 - -23. Calculate the remainder when 42 is divided by x.
6
Suppose 3*b = -2*d + 30, -2*d + 100 = 2*d - 4*b. What is the remainder when 27 is divided by d?
6
Let j(n) = -n**3 + 9*n**2 - 2*n + 21. Let w = 11 + -6. Suppose w*h = 2*r - 6, h - 5 - 7 = -4*r. Calculate the remainder when j(9) is divided by r.
0
Let a(g) = 2*g + 1. Let y be a(2). Suppose 2*d - 6*d = 8, -59 = -y*p - 3*d. What is the remainder when 37 is divided by p?
11
Let p(n) = -3*n - 30. Calculate the remainder when 27 is divided by p(-12).
3
Suppose 3*n = -0*n + 189. Let m = -19 + n. What is the remainder when m is divided by -2*(-8)/((-64)/(-60))?
14
Let v(f) = f**2 + 11*f + 16. Let z be (-36)/10 - 6/15. Let c = z + 10. What is the remainder when v(-11) is divided by c?
4
Let j(o) = o - 3*o + 4 + 36*o**2 - 3 + 3*o**2. What is the remainder when j(1) is divided by 13?
12
Let u(g) = 5*g + 1. Let i(s) = -s**3 + 6*s**2 - 6*s + 7. Let y be i(5). Calculate the remainder when u(y) is divided by 4.
3
Let l(v) = -15*v - 14. Calculate the remainder when l(-8) is divided by 18.
16
Suppose -15*k = -2*k - 442. Calculate the remainder when 133 is divided by k.
31
Let f = 22 + -7. Calculate the remainder when (-38)/19 - 31/(-1) is divided by f.
14
Suppose b = -b + 6. Suppose 0 = -2*v - b*v + 115. What is the remainder when v is divided by 8?
7
Suppose 368 = -3*x + 11*x. Calculate the remainder when x is divided by 10.
6
Let z(a) = -5*a**3 + 3*a + 3. Calculate the remainder when z(-2) is divided by 10.
7
What is the remainder when (1 - 4) + 21 + 0 is divided by 10?
8
Suppose -5*d = -3*o + 26, -2*o - 4*d = 1 - 11. Let y be (95/(-15))/((-1)/3). Suppose m - 4*m = 4*i, -y = -i + 4*m. What is the remainder when o is divided by i?
1
Let w = 110 + -78. Calculate the remainder when w is divided by 11.
10
Suppose 5*z = -5*c - 0*c - 50, -4*c = -2*z + 34. What is the remainder when 23 is divided by c/6*52/(-6)?
10
Suppose 4*m = -4*n + 184, -2*n = -3*m - 3*n + 138. Suppose -20 = 5*l, -z - 2*z - 5*l = -28. Calculate the remainder when m is divided by z.
14
Suppose 0 = -2*g + 7*g + 3*u - 77, -4*u - 84 = -5*g. What is the remainder when 1 + -15*g/(-4) is divided by 16?
13
Suppose z + 3 = 2*z. Suppose w + 8 = -2*l + z*l, 39 = 4*l + 3*w. What is the remainder when l is divided by 6?
3
What is the remainder when (-188)/(-5) + (-9)/15 is divided by 10?
7
Suppose -5 = 5*o, -c + 6*c - o - 21 = 0. Let r(y) = y**3 - 3*y**2 - 2*y + 7. What is the remainder when r(c) is divided by 9?
6
Let b(a) = a**3 + 6*a**2 + 5*a + 6. What is the remainder when (48/(-15) - -4)*20 is divided by b(-5)?
4
Suppose -4*v + 14 = -3*c, -v + 4*c = -4*v - 2. Calculate the remainder when 14 is divided by v + 5 - (-1)/1.
6
Let h be (2/4)/((-1)/(-4)). Let j be 0 - (h + 1 + -3). Suppose 3*u - 111 = -j*u. Calculate the remainder when u is divided by 13.
11
Suppose 5*s - 67 = -3*u, 0 = 2*u - 2*s - 3 - 15. What is the remainder when 24 is divided by u?
10
Suppose 3*r = 4*b + 36, -2*b = -5*r + 44 + 16. Let j(m) = -m**3 - 7*m**2 - 6*m - 7. Calculate the remainder when j(-7) is divided by r.
11
Let l = -48 + 60. Suppose -25 = -q - 3. What is the remainder when (-9)/(-6)*(q - 0) is divided by l?
9
Let i(m) = m**3 + 10*m**2 + 7*m + 4. Suppose 404 = 5*k + 84. Calculate the remainder when k is divided by i(-9).
20
Suppose -7*c + 2*c + 40 = 0. Calculate the remainder when 46 is divided by c.
6
Let j(i) be the second derivative of i**4/12 + i**3/6 + 17*i**2/2 - 2*i. Calculate the remainder when 67 is divided by j(0).
16
Suppose 3*w - 176 = 5*x, 2*w - 34 - 58 = -3*x. Suppose 2*y - 6*y = -w. Calculate the remainder when 25 is divided by y.
12
Let f = -5 - -12. Calculate the remainder when 8 is divided by f.
1
Suppose -4*t + 5 = -7. Suppose -54 = -5*s + 51. Calculate the remainder when s is divided by (-50)/(-4) - t/2.
10
Suppose -41 = 3*n + 4. Calculate the remainder when (-591)/n - 4/10 is divided by 20.
19
Suppose -32*m + 35*m = 147. Let h(r) = -r**3 + 6*r**2 - 3*r + 3. What is the remainder when m is divided by h(5)?
10
Let s(n) = n**2 + 1. Suppose 1 = -t + 3, -4*t + 8 = 2*c. Calculate the remainder when s(-4) is divided by (-1)/(c + (-1)/9).
8
Let s(x) = x + 8. Let z be s(-8). Suppose 2*o - 2*f - 20 = z, 4 = 2*f + 10. What is the remainder when 20 is divided by o?
6
Let i(w) = -w**3 - 2*w**2 + 2. Let n be i(-2). Let a(d) be the second derivative of 7*d**3/3 - d**2/2 - 12*d. What is the remainder when a(n) is divided by 14?
13
Let k = -30 + 44. Calculate the remainder when k is divided by 8.
6
Suppose 2*q - 5*f - 57 = 0, -2*q - f = 2*f - 33. Suppose 0*w + 12 = 4*w. Calculate the remainder when (14/q)/((-1)/(-6)) is divided by w.
1
Suppose -9*v + 6 = -7*v. Calculate the remainder when v is divided by 1.
0
Let b(j) = 22*j**2 - 1. Calculate the remainder when 51 is divided by b(-1).
9
Let f(l) = l**3 + 4*l**2 + 3*l. Let w be f(-2). Suppose -w*u + 24 = 2*u. Calculate the remainder when u is divided by 4.
2
Suppose 0 = 5*r - 15, 4*r + 65 = 2*l - 5. Calculate the remainder when l is divided by 15.
11
Let o(z) = 2*z**2 + 2*z - 3*z**2 + 3*z + 5. Calculate the remainder when 7 is divided by o(5).
2
Let j(c) = 2*c - 10. Let l be j(7). Let i be -2 + 51 + -1 + 2. Suppose -g - l*g + i = 0. Calculate the remainder when 29 is divided by g.
9
What is the remainder when 18 is divided by 6/12*6/1 - -4?
4
Suppose 5*v - 120 = x + 4*v, 0 = -4*x + v - 492. Let m = 718 + x. Calculate the remainder when (2/(-3))/((-12)/m) is divided by 17.
16
Let c = 30 - 14. Let k = 1 + -4. Calculate the remainder when c is divided by 8/(-24) - 28/k.
7
Suppose 0 = -2*h + 31 + 75. Calculate the remainder when h is divided by 14.
11
Let d = -8 + 10. Let u be -1*d*(-6)/4. Suppose 3*c + u*i + 6 = 0, 0 = 5*c - i - 15 - 5. Calculate the remainder when 7 is divided by c.
1
Let f = 185 + -174. What is the remainder when 52 is divided by f?
8
Suppose 2*o - 7*o - 3*s = -57, 2*s = -4*o + 46. Suppose 0 = -5*f - 2*i + 171, f - 27 = -0*f - 4*i. Calculate the remainder when f is divided by o.
11
Let a be (-2)/4*(-3 - 105). Suppose -3*d - 5*s + 29 - 6 = 0, 5*s = 4*d - a. What is the remainder when 32 is divided by d?
10
Suppose 0 = 3*b - 126 + 15. What is the remainder when 107 is divided by b?
33
Let x(l) = -l**3 + 3*l + 2. Suppose 4*i = 12, -2*q - 3*i - 3 = -68. Suppose q = p + 3*p. What is the remainder when p is divided by x(-2)?
3
Let m(d) = -d + 10. Let f be m(8). Let g(q) =